8.
254
Calculate the remainder when 1503204 is divided by 11.
10
Calculate the remainder when 6616053 is divided by 12.
9
What is the remainder when 280363 is divided by 19?
18
Calculate the remainder when 1030778 is divided by 31.
28
What is the remainder when 40429 is divided by 74?
25
What is the remainder when 2215 is divided by 660?
235
What is the remainder when 17685 is divided by 42?
3
Calculate the remainder when 1114 is divided by 53.
1
Calculate the remainder when 20989 is divided by 4192.
29
What is the remainder when 2492 is divided by 536?
348
What is the remainder when 555441 is divided by 7121?
3
Calculate the remainder when 157417 is divided by 17.
14
What is the remainder when 120377 is divided by 63?
47
Calculate the remainder when 1651 is divided by 7.
6
Calculate the remainder when 513 is divided by 208.
97
What is the remainder when 26956 is divided by 42?
34
Calculate the remainder when 600 is divided by 51.
39
Calculate the remainder when 55567 is divided by 5.
2
Calculate the remainder when 16941 is divided by 1581.
1131
Calculate the remainder when 42002 is divided by 286.
246
Calculate the remainder when 3790 is divided by 2612.
1178
What is the remainder when 3117 is divided by 75?
42
What is the remainder when 77966 is divided by 15591?
11
Calculate the remainder when 652641 is divided by 570.
561
Calculate the remainder when 84406 is divided by 24.
22
Calculate the remainder when 6624 is divided by 169.
33
Calculate the remainder when 660847 is divided by 3515.
27
What is the remainder when 63843 is divided by 21277?
12
What is the remainder when 1509272 is divided by 27?
26
Calculate the remainder when 34732 is divided by 611.
516
Calculate the remainder when 12556 is divided by 2504.
36
Calculate the remainder when 1521 is divided by 128.
113
Calculate the remainder when 84596 is divided by 2346.
140
What is the remainder when 2058 is divided by 22?
12
What is the remainder when 7881 is divided by 716?
5
Calculate the remainder when 79455 is divided by 462.
453
Calculate the remainder when 6940 is divided by 1493.
968
What is the remainder when 3164 is divided by 96?
92
What is the remainder when 8724737 is divided by 1139?
1136
Calculate the remainder when 49386 is divided by 27.
3
What is the remainder when 5848 is divided by 240?
88
What is the remainder when 160420 is divided by 34?
8
Calculate the remainder when 10308 is divided by 1472.
4
What is the remainder when 3142 is divided by 85?
82
What is the remainder when 3014 is divided by 782?
668
Calculate the remainder when 876586 is divided by 10.
6
What is the remainder when 11141 is divided by 9?
8
What is the remainder when 22083 is divided by 7318?
129
What is the remainder when 31013 is divided by 15414?
185
Calculate the remainder when 4050 is divided by 1007.
22
What is the remainder when 5432 is divided by 534?
92
Calculate the remainder when 15508 is divided by 15391.
117
What is the remainder when 91358 is divided by 103?
100
What is the remainder when 33597 is divided by 69?
63
Calculate the remainder when 1003 is divided by 992.
11
What is the remainder when 360700 is divided by 180347?
6
What is the remainder when 335 is divided by 265?
70
What is the remainder when 401506 is divided by 684?
682
Calculate the remainder when 408880 is divided by 20.
0
What is the remainder when 33656 is divided by 701?
8
What is the remainder when 16347 is divided by 218?
215
Calculate the remainder when 3068 is divided by 379.
36
Calculate the remainder when 1699 is divided by 422.
11
Calculate the remainder when 31419 is divided by 38.
31
Calculate the remainder when 153761 is divided by 51.
47
What is the remainder when 596 is divided by 593?
3
What is the remainder when 506923 is divided by 11?
10
What is the remainder when 4997 is divided by 1519?
440
Calculate the remainder when 20189 is divided by 142.
25
Calculate the remainder when 10503 is divided by 2613.
51
Calculate the remainder when 823139 is divided by 1020.
1019
What is the remainder when 157632 is divided by 40?
32
Calculate the remainder when 8957 is divided by 91.
39
What is the remainder when 4041454 is divided by 1865?
1864
What is the remainder when 1949 is divided by 1385?
564
What is the remainder when 5582 is divided by 5581?
1
Calculate the remainder when 28372 is divided by 3016.
1228
What is the remainder when 8806 is divided by 333?
148
What is the remainder when 9114 is divided by 2883?
465
What is the remainder when 9978 is divided by 3011?
945
Calculate the remainder when 17932 is divided by 17899.
33
Calculate the remainder when 1799 is divided by 130.
109
What is the remainder when 3263 is divided by 634?
93
Calculate the remainder when 7060 is divided by 25.
10
What is the remainder when 387502 is divided by 13?
11
Calculate the remainder when 4861 is divided by 2426.
9
What is the remainder when 566 is divided by 84?
62
What is the remainder when 5605 is divided by 280?
5
Calculate the remainder when 164652 is divided by 13.
7
What is the remainder when 189221 is divided by 31?
28
What is the remainder when 413224 is divided by 22?
20
Calculate the remainder when 779905 is divided by 389952.
1
What is the remainder when 177630 is divided by 364?
362
What is the remainder when 1301 is divided by 316?
37
Calculate the remainder when 182448 is divided by 62.
44
Calculate the remainder when 2147 is divided by 133.
19
Calculate the remainder when 114736 is divided by 442.
258
Calculate the remainder when 1564839 is divided by 632.
7
What is the remainder when 348953 is divided by 20?
13
What is the remainder when 1815 is divided by 23?
21
Calculate the remainder when 33876 is divided by 6774.
6
Calculate the remainder when 7940 is divided by 663.
647
Calculate the remainder when 1252 is divided by 212.
192
What is the remainder when 6990747 is divided by 9?
6
What is the remainder when 177450 is divided by 11?
9
Calculate the remainder when 2813 is divided by 2799.
14
What is the remainder when 44275 is divided by 135?
130
Calculate the remainder when 32642 is divided by 6524.
22
What is the remainder when 1253 is divided by 288?
101
Calculate the remainder when 24983 is divided by 130.
23
Calculate the remainder when 102939 is divided by 51464.
11
What is the remainder when 26095 is divided by 7?
6
What is the remainder when 83202 is divided by 27704?
90
What is the remainder when 1186 is divided by 292?
18
What is the remainder when 1241998 is divided by 144?
142
What is the remainder when 1320 is divided by 142?
42
What is the remainder when 13803 is divided by 4590?
33
What is the remainder when 79349 is divided by 1301?
1289
What is the remainder when 3025 is divided by 1004?
13
What is the remainder when 7844 is divided by 521?
29
Calculate the remainder when 83219 is divided by 73.
72
Calculate the remainder when 7505 is divided by 2499.
8
What is the remainder when 332859 is divided by 448?
443
Calculate the remainder when 426752 is divided by 159.
155
What is the remainder when 1727 is divided by 863?
1
What is the remainder when 17828 is divided by 63?
62
Calculate the remainder when 286250 is divided by 24.
2
Calculate the remainder when 690065 is divided by 34503.
5
Calculate the remainder when 41199 is divided by 535.
4
Calculate the remainder when 2302 is divided by 750.
52
Calculate the remainder when 5383943 is divided by 8.
7
Calculate the remainder when 6910 is divided by 94.
48
What is the remainder when 303533 is divided by 3097?
27
Calculate the remainder when 404247 is divided by 14.
11
Calculate the remainder when 4506 is divided by 751.
0
Calculate the remainder when 1316 is divided by 1055.
261
What is the remainder when 14648 is divided by 60?
8
Calculate the remainder when 3648683 is divided by 76.
75
Calculate the remainder when 8765 is divided by 796.
9
What is the remainder when 350 is divided by 188?
162
Calculate the remainder when 3254037 is divided by 1147.
1145
Calculate the remainder when 175625 is divided by 39.
8
Calculate the remainder when 1835 is divided by 208.
171
Calculate the remainder when 53617 is divided by 169.
44
What is the remainder when 997727 is divided by 155?
147
What is the remainder when 1016852 is divided by 18?
14
W